ate the highest common divisor of 3378 and 53191114.
1126
What is the greatest common divisor of 27080 and 472589328?
5416
Calculate the greatest common divisor of 10744 and 97240.
136
Calculate the greatest common factor of 5703004 and 688.
172
What is the greatest common divisor of 30412269 and 16745?
3349
Calculate the highest common factor of 2608 and 6044529.
163
What is the greatest common divisor of 1620546 and 28688?
326
Calculate the greatest common factor of 24416 and 239582.
1526
Calculate the greatest common divisor of 492 and 3295252.
164
What is the highest common factor of 1909 and 153301?
83
Calculate the highest common factor of 3157 and 4022920.
451
What is the greatest common factor of 2049 and 291?
3
Calculate the greatest common factor of 21952 and 13230.
98
Calculate the greatest common divisor of 8184735 and 715.
65
What is the greatest common divisor of 65792 and 356716?
1028
Calculate the greatest common factor of 487839 and 1353.
33
Calculate the highest common factor of 98568846 and 1674.
54
What is the highest common factor of 34757908 and 284?
284
What is the greatest common divisor of 37287560 and 160?
40
Calculate the highest common factor of 22904 and 87129679.
2863
What is the greatest common divisor of 39448189 and 44?
11
What is the highest common factor of 176589777 and 39?
39
What is the highest common factor of 49851 and 414468?
261
Calculate the highest common divisor of 46 and 26054.
2
Calculate the highest common divisor of 2224 and 739073008.
2224
What is the greatest common factor of 485108 and 684?
76
What is the greatest common divisor of 65 and 9246870?
5
What is the greatest common factor of 62596 and 1108?
4
Calculate the highest common factor of 297 and 9703683.
99
Calculate the highest common divisor of 9504 and 6774944.
352
Calculate the greatest common factor of 9006 and 18902409.
237
What is the greatest common factor of 518379591 and 14946?
7473
Calculate the greatest common factor of 18103878 and 1573758.
11322
Calculate the highest common divisor of 1062456371 and 7333.
7333
What is the greatest common factor of 225 and 20662125?
75
What is the greatest common divisor of 4177690 and 978?
326
Calculate the greatest common factor of 969486 and 50107.
563
Calculate the highest common factor of 3526 and 545376998.
3526
Calculate the highest common factor of 10410 and 858210.
30
What is the highest common factor of 68 and 12429278?
34
What is the highest common factor of 1431 and 17593350?
159
Calculate the highest common factor of 35167 and 2783.
253
What is the highest common divisor of 57820 and 55832?
28
What is the greatest common factor of 126 and 16720794?
18
What is the highest common divisor of 42264696 and 24?
24
What is the highest common divisor of 37636 and 304580?
388
Calculate the highest common factor of 6664 and 39174324.
3332
What is the highest common divisor of 29064590 and 130?
10
What is the greatest common factor of 4131432 and 19096?
248
What is the highest common divisor of 6538 and 38682?
14
What is the highest common factor of 210777781 and 68?
17
Calculate the greatest common divisor of 2470457 and 55.
11
Calculate the greatest common factor of 111900529 and 39.
13
What is the highest common divisor of 27609 and 4158?
3
What is the highest common divisor of 3306 and 225978?
6
What is the highest common divisor of 648115 and 7163?
13
What is the highest common divisor of 30834485 and 85024?
2657
What is the greatest common divisor of 2673 and 993281454?
2673
What is the greatest common factor of 2773 and 18618016?
47
Calculate the highest common divisor of 254389752 and 48.
24
Calculate the greatest common factor of 8509675 and 125.
25
What is the greatest common factor of 17827112 and 1032?
344
Calculate the highest common divisor of 14106865 and 1858.
929
Calculate the highest common factor of 11252630 and 54860.
2110
Calculate the highest common divisor of 11 and 1637448296.
11
What is the highest common factor of 311460 and 95?
5
What is the highest common factor of 429 and 524271?
33
Calculate the highest common factor of 13935 and 269923737.
2787
Calculate the greatest common factor of 254332 and 7738.
146
What is the highest common divisor of 2268 and 75144762?
126
Calculate the highest common divisor of 83072 and 1750648.
472
What is the highest common divisor of 1723 and 55744219?
1723
Calculate the highest common divisor of 231 and 1360618.
7
What is the highest common factor of 2483127 and 18?
9
What is the highest common divisor of 4171 and 109513?
97
Calculate the highest common divisor of 121003 and 390172.
23
Calculate the greatest common factor of 1129072 and 19856.
272
What is the highest common divisor of 2190 and 17255886?
438
What is the highest common divisor of 124 and 22459903?
31
What is the highest common divisor of 4122624 and 986004?
732
What is the greatest common factor of 1359015 and 2695?
245
Calculate the greatest common factor of 264646134 and 28602.
4086
Calculate the greatest common divisor of 372 and 22600364.
124
What is the highest common factor of 81528 and 7368?
24
Calculate the greatest common factor of 95139 and 325809.
99
What is the highest common factor of 5733267 and 52377?
4029
What is the highest common divisor of 500 and 24958375?
125
Calculate the greatest common divisor of 668599404 and 796.
796
What is the greatest common factor of 296116 and 692437?
409
Calculate the greatest common factor of 31878 and 64998.
414
Calculate the highest common factor of 12 and 66447366.
6
What is the greatest common factor of 416 and 1658072?
104
What is the highest common factor of 206154311 and 4613?
659
What is the greatest common factor of 882 and 169455132?
882
What is the highest common divisor of 23 and 1921627?
23
What is the highest common divisor of 720 and 637955640?
360
What is the highest common factor of 157512 and 42432?
24
Calculate the highest common factor of 11344512 and 3.
3
What is the greatest common factor of 259365514 and 5948?
2974
What is the highest common factor of 454 and 45901443?
227
What is the greatest common factor of 116903250 and 2484?
1242
What is the greatest common factor of 6433 and 524426?
7
What is the greatest common divisor of 2 and 42637613?
1
Calculate the highest common factor of 1346 and 392896054.
1346
What is the highest common divisor of 45 and 240367383?
9
What is the highest common factor of 58729 and 23006313?
3091
Calculate the greatest common divisor of 170 and 351628.
34
Calculate the highest common factor of 58400 and 7555792.
1168
What is the highest common factor of 26043529 and 1?
1
Calculate the greatest common factor of 12165023 and 65.
13
What is the greatest common factor of 65599854 and 2259?
753
What is the greatest common divisor of 1020 and 3100035?
255
Calculate the highest common divisor of 2418 and 810562766.
806
Calculate the greatest common factor of 107190400 and 10640.
1520
What is the greatest common divisor of 475 and 29630215?
95
What is the highest common factor of 25435368 and 644?
28
Calculate the highest common factor of 135440478 and 1266.
1266
Calculate the highest common factor of 2904 and 22953513.
33
What is the highest common divisor of 200218340 and 280?
140
Calculate the greatest common divisor of 90086 and 23832106.
2906
Calculate the highest common divisor of 12 and 3469556.
4
Calculate the greatest common divisor of 253236 and 171597.
141
What is the greatest common divisor of 1774992 and 8104?
8
What is the highest common divisor of 350285 and 50167?
221
Calculate the highest common divisor of 65301470 and 5295.
1765
What is the greatest common divisor of 11572048 and 11947?
919
Calculate the greatest common divisor of 37664 and 634403.
1177
Calculate the greatest common factor of 576 and 43299936.
288
Calculate the greatest common divisor of 8222 and 188773009.
4111
What is the highest common divisor of 76 and 1262956?
4
Calculate the highest common factor of 3424880 and 154380.
620
What is the highest common divisor of 859032 and 1212985?
3977
What is the greatest common factor of 62810973 and 6294?
3147
Calculate the greatest common factor of 4214 and 3716650.
98
What is the highest common factor of 120763494 and 778?
778
What is th